 -3*v + 4. Let r be b(6). Let a = 20 + r. Calculate the remainder when 9 is divided by a.
3
Let z = 5 + -3. Suppose z*w - 3*w + 13 = 0. Suppose 3*l - 25 = 2*l. Calculate the remainder when l is divided by w.
12
Let d = -14 + 25. Suppose 12*v - 345 + 105 = 0. Calculate the remainder when v is divided by d.
9
Let r(b) = -b**3 - 5*b**2 - 5*b. Suppose 0 = 12*h + 87 - 243. What is the remainder when h is divided by r(-4)?
1
Suppose 2*m = 14 + 16. Let w(u) = -3*u**3 + 2*u**2 - u. Let g be w(1). Let p = 26 - g. What is the remainder when p is divided by m?
13
Let l(y) = 4*y + 6. Let t be l(4). Let s = 32 - t. What is the remainder when 37 is divided by s?
7
Let c = 90 - 82. What is the remainder when 55 is divided by c?
7
Let t = -36 - -62. What is the remainder when 103 is divided by t?
25
Let h = -71 - -101. Calculate the remainder when 59 is divided by h.
29
Suppose -2*r - 3 = -1, -5*l + 4*r + 29 = 0. What is the remainder when (-6)/9 + 41/3 is divided by l?
3
Suppose 5 = -9*r + 131. Calculate the remainder when 23 is divided by r.
9
Let d(m) = 2*m**2 - 5*m + 2. Let j be d(3). Suppose j*h - 18 = -3*s - 2, -4*s - 17 = -h. Calculate the remainder when h is divided by 4.
1
Let b be ((-22)/(-8))/(4/16). Let j be (-5)/(-3) + 6/(-9). Let k = j + b. Calculate the remainder when 22 is divided by k.
10
Let u(n) = -3*n - 3. Let g = 23 - 13. Calculate the remainder when u(-7) is divided by g.
8
Let t be (0/(-2))/(-8 - -10). What is the remainder when t + (4 - (-4 - 81)) is divided by 23?
20
Let p be (-9)/(54/(-51) + 1). Suppose 12 - p = -3*i. What is the remainder when i is divided by 16?
15
Let j(u) = -u + 2. Let r be j(2). Suppose -10 = 2*m - 3*m - 2*i, 3*m - 4*i = r. Calculate the remainder when 7 is divided by m.
3
Suppose -42 - 10 = -4*i. What is the remainder when (-150)/(-4) + (-4)/(-8) is divided by i?
12
What is the remainder when 47 is divided by 8/1 - (1 - 0)?
5
Let u = -62 - -79. Calculate the remainder when 33 is divided by u.
16
Calculate the remainder when 61 is divided by (-2 + -1)/3*-16*1.
13
Suppose 3*j = 6, -j + 8 = 2*n - 2*j. Suppose u = -n + 37. Calculate the remainder when u is divided by 17.
15
Suppose -5*m - 20 = -7*m. Let f = 1 + -4. Let x = f + 6. What is the remainder when m is divided by x?
1
What is the remainder when 34 is divided by 4/10 - 129/(-15)?
7
Let x = 7 - -3. Suppose 0 = 5*r - x - 0. What is the remainder when 3 is divided by r?
1
Suppose 0 = 7*i - 62 - 8. Calculate the remainder when i is divided by 4.
2
Let a(m) = m**3 + 2*m**2 - 3*m + 3. Let p be a(-3). Suppose -p*g + 8 = -4. What is the remainder when 11 is divided by g?
3
Let y(j) = 135*j + 1. Let n be y(1). Suppose -3*q = 16 - n. Let m(i) = 4*i - 6. Calculate the remainder when q is divided by m(5).
12
Let k be (18/15)/((-3)/(-10)). Suppose -5*l = 3*r + k, r + 7*l + 6 = 3*l. Calculate the remainder when 5/1 + -54 + 52 is divided by r.
1
Let o be 0 + -3 + 1 + -48. Let q = 79 + o. Let a = 31 - 21. Calculate the remainder when q is divided by a.
9
Suppose -l + 0 = -1. Let h = 15 + l. Suppose -31 = -3*i - 4. What is the remainder when h is divided by i?
7
Let b = -6 + 11. Suppose -3*t - 36 = -5*l, b*t + 5 - 1 = -l. Calculate the remainder when 16 is divided by l.
4
Let c(a) = -a**2 + 4*a + 8. Let j be c(6). Let g(m) = -m**2 - 9*m - 4. What is the remainder when 62 is divided by g(j)?
14
Let k be ((-21)/15)/((-1)/5). Let z = k + -3. What is the remainder when 11 is divided by z?
3
Suppose 2*v = 3*v - 20. What is the remainder when 76 is divided by v?
16
Suppose 2*h = 5*d + 16, 2*d - 2 - 6 = -4*h. Suppose j = -0*j + h. Calculate the remainder when 9 is divided by j.
0
Suppose -3*m + 0*m + 42 = -2*w, 0 = 5*m - 5*w - 75. What is the remainder when m is divided by 3?
0
Let l be (-2)/(-4) - 83/(-2). Let c = l - 23. What is the remainder when 36 is divided by c?
17
Suppose -d - 5 = 0, 2*d + 50 = 5*h + 6*d. Suppose a - h = -0*a. What is the remainder when a is divided by 5?
4
Let g = 23 + -9. Suppose a - g = -0*a. Calculate the remainder when 52 is divided by a.
10
Let x = 6 - -7. Suppose 6*y = 3*y + 15. Calculate the remainder when x is divided by y.
3
Suppose 0 = 5*d - 15 - 15. Let m = d + -3. Suppose -a = -4*i + 7, a - m*a = 5*i - 51. What is the remainder when 37 is divided by a?
11
Let x(d) = 2*d - 1. Let j = 9 - 5. Calculate the remainder when 27 is divided by x(j).
6
Suppose 5*v + 3 = -4*q, 2*q + 2*q = 3*v - 43. Let a = 4 + q. Calculate the remainder when (-2)/(a + 2) - -7 is divided by 5.
4
Suppose 126 = 4*r + 2*g, r - 2*g - 5 - 14 = 0. Calculate the remainder when r is divided by 16.
13
Suppose 17 + 57 = 4*p - 2*g, 0 = -3*p - 2*g + 66. Let l be 6/15 - (-54)/15. What is the remainder when p is divided by (7/(-2))/((-2)/l)?
6
Let n(x) = 2*x**2 - 2. Let v be n(5). Let d = v + -29. Calculate the remainder when 75 is divided by d.
18
Suppose 2*o = -0*n - 3*n + 14, o + 3*n - 7 = 0. Calculate the remainder when ((-82)/(-4) - 1)*2/3 is divided by o.
6
What is the remainder when ((-22)/4)/((-8)/16) is divided by 3?
2
Suppose s = -s + 6. Suppose -2*b - 26 = -5*x, 2 + s = 5*x + 5*b. Suppose -d - 4*d = f - 27, -3*d = 4*f - 40. Calculate the remainder when f is divided by x.
3
Suppose 7*b - 3*b - 8 = 0. Suppose -3*c = 5*r - 147, -3*c + 39 = b*r - r. What is the remainder when r is divided by 10?
7
Let b = 47 - 28. What is the remainder when 1*-5*-1*11 is divided by b?
17
Suppose 0 = -5*k + 67 + 48. Suppose -v + 2 + 1 = 0. Suppose 2*m + x - 30 = v*x, -3*x = 9. What is the remainder when k is divided by m?
11
Suppose 0 = 4*c - 21 - 59. Suppose 0 = 5*f + x - 23, 0 = -x + 4 - 1. Suppose w = -5*k + 32, f*w - 7 = -4*k + 9. Calculate the remainder when c is divided by k.
6
Suppose 0*l - 5*l + n = -43, 3*n + 49 = 5*l. Calculate the remainder when 39 is divided by l.
7
Let r = 9 + 0. What is the remainder when (-24)/15*-27 + (-1)/5 is divided by r?
7
Suppose 0 = 4*s - 5*b - 78, -2*b - 62 = -5*s + 2*s. Calculate the remainder when s is divided by 4.
2
Let z(j) be the third derivative of -j**4/24 + 7*j**3/6 + 3*j**2. What is the remainder when 51 is divided by z(-6)?
12
Suppose -4*f = -2*q - 82, 9 = 3*q - 6*q. Calculate the remainder when f is divided by 6.
1
Let w = -112 + 170. Calculate the remainder when (-1 + 2/1)*w is divided by 20.
18
Let y(u) = 3*u**2 + 9*u - 2. What is the remainder when 19 is divided by y(-4)?
9
Let h(y) = -y**3 - 14*y**2 - 13*y + 3. Let d(g) = 3*g**3 + 41*g**2 + 38*g - 8. Let j(z) = 6*d(z) + 17*h(z). Calculate the remainder when 9 is divided by j(-7).
0
Suppose d - 10 = -2. Let s(h) = h**3 - 3*h**2 + 2*h - 3. Let k be s(2). What is the remainder when (-1 - -12)/(k/(-6)) is divided by d?
6
Let u(n) = 2*n**2 - 6*n + 3. Suppose 22 + 59 = 3*f. Suppose -p - 2*p = -2*t - 46, -p + 3*t + f = 0. What is the remainder when u(5) is divided by p?
11
Suppose 3*i = -2*i + 65. What is the remainder when i is divided by 7?
6
Let o be (-4)/(-3)*(-15)/10. Calculate the remainder when 10 is divided by (-7)/o + (-3)/(-6).
2
Let l(s) = -8*s + 4. Let p be l(-6). Let i = -27 + p. What is the remainder when i is divided by 11 + -2 + (-2 - -2)?
7
Suppose 0 = -u + 8 + 5. What is the remainder when u is divided by 7?
6
Let z(g) = -g + 1. Let a(y) = -2*y**2 + 5. Let m(n) = -a(n) + 3*z(n). What is the remainder when 34 is divided by m(-2)?
10
Suppose 0 = -0*d + 4*d - 40. What is the remainder when d is divided by 3?
1
Suppose 3*r + 27 = -3*l, -4*l + r = 5 + 6. Let d = -397 - -257. Calculate the remainder when (d/(-6))/(l/(-6)) is divided by 9.
8
Suppose -6*f - 75 = -9*f. Calculate the remainder when f is divided by 7.
4
Let h = 17 + 94. Calculate the remainder when h is divided by 28.
27
Suppose 3*w = 60 + 54. What is the remainder when w is divided by ((-6)/(-4) + -1)*26?
12
Suppose 5*y + 38 - 4 = -3*t, 4*t = y - 7. Let g be 3*10*(-1)/t. Let w = 20 - g. What is the remainder when w is divided by 3?
1
Suppose b + 12 = 3*m - 6, 0 = 3*m + 4*b - 3. Calculate the remainder when 14 is divided by m.
4
Suppose -g + 6 = -1. Let v(a) be the second derivative of -a**5/20 + 5*a**4/12 + a**3 + 2*a**2 - 7*a. What is the remainder when g is divided by v(6)?
3
Let a(h) = -9*h + 5. Let x be a(-7). Suppose -5*l - 23 = -x. What is the remainder when 26 is divided by l?
8
Let q(h) = -h**3 + 8*h**2 + 10*h 